 and 9533993.
7
What is the greatest common factor of 1607121 and 6?
3
Calculate the highest common divisor of 1989691 and 359546.
3047
Calculate the highest common factor of 2282252 and 74256.
28
Calculate the greatest common divisor of 655178 and 1978.
46
What is the highest common divisor of 15040 and 3172312?
376
Calculate the greatest common divisor of 29466644 and 1292.
1292
What is the highest common divisor of 1055560 and 1624123?
2399
What is the highest common divisor of 1716 and 30327?
33
What is the highest common divisor of 102 and 515334?
6
Calculate the greatest common factor of 1940 and 70230.
10
Calculate the highest common factor of 1367974 and 13393.
59
What is the greatest common divisor of 2306 and 27318029?
1153
Calculate the greatest common divisor of 10660752 and 249066.
1818
What is the highest common factor of 670668 and 42132?
12
What is the highest common divisor of 109005 and 3641885?
2795
Calculate the greatest common divisor of 28 and 33848276.
28
What is the highest common divisor of 14874 and 274328619?
7437
What is the highest common factor of 96363824 and 192?
16
What is the greatest common divisor of 4328 and 12477083?
541
Calculate the highest common factor of 12 and 179540958.
6
Calculate the highest common divisor of 7492328 and 5704.
248
Calculate the greatest common factor of 863435 and 25.
5
Calculate the highest common factor of 441519 and 273.
39
Calculate the greatest common divisor of 3330 and 12236085.
1665
Calculate the highest common divisor of 1596 and 14291116.
532
Calculate the greatest common divisor of 5420373 and 6069.
21
Calculate the highest common factor of 1057961476 and 9724.
9724
Calculate the highest common divisor of 7173 and 108596032.
797
Calculate the highest common factor of 990986 and 2005162.
1546
What is the highest common factor of 1095118 and 14?
2
What is the highest common divisor of 17799607 and 10345?
2069
Calculate the highest common divisor of 24941 and 1659679.
49
What is the highest common factor of 112359 and 155038?
871
Calculate the highest common divisor of 390 and 501698.
2
What is the highest common factor of 92092 and 179179?
1001
Calculate the highest common factor of 15038 and 1474784179.
7519
What is the greatest common divisor of 239 and 1395760?
239
Calculate the greatest common factor of 9459843 and 24.
3
Calculate the greatest common divisor of 1015725 and 19875.
75
What is the greatest common factor of 120 and 67709940?
60
What is the greatest common divisor of 8397291 and 63?
21
What is the highest common factor of 261840540 and 780?
780
What is the greatest common factor of 1270 and 14430?
10
Calculate the greatest common factor of 31561 and 43438.
37
Calculate the greatest common factor of 1118 and 53338194.
26
What is the highest common factor of 7975550 and 880?
110
Calculate the greatest common factor of 690 and 23953190.
10
What is the greatest common divisor of 66943292 and 572?
52
What is the greatest common divisor of 15199872 and 4320?
96
What is the greatest common divisor of 877853188 and 3112?
1556
What is the greatest common factor of 1166820034 and 15788?
7894
What is the greatest common factor of 282 and 71931949?
47
What is the greatest common divisor of 61173 and 36972?
9
Calculate the highest common divisor of 25250137 and 82.
41
Calculate the greatest common divisor of 38849210 and 5.
5
Calculate the greatest common divisor of 855 and 1519695.
45
Calculate the highest common factor of 30 and 898482.
6
Calculate the greatest common factor of 13925 and 73025485.
2785
What is the highest common factor of 3298026 and 5124?
366
Calculate the highest common divisor of 71681701 and 182.
91
What is the greatest common divisor of 25107429 and 87?
3
Calculate the greatest common factor of 13041 and 48608637.
483
What is the greatest common factor of 75875710 and 3656?
914
Calculate the highest common divisor of 774864 and 17280.
144
Calculate the highest common factor of 2 and 58170878.
2
What is the greatest common divisor of 3083870 and 12330?
1370
Calculate the greatest common divisor of 2160 and 9337248.
432
What is the greatest common factor of 6422868 and 90?
18
What is the greatest common divisor of 2148138 and 340714?
1822
What is the highest common factor of 17 and 111463254?
17
Calculate the greatest common factor of 104764 and 59004.
44
Calculate the highest common divisor of 72171 and 2876634.
729
What is the highest common factor of 64325 and 11873?
31
Calculate the greatest common divisor of 1 and 1921904.
1
What is the greatest common factor of 2900648 and 24?
8
What is the highest common divisor of 2187 and 12162069?
81
Calculate the highest common factor of 11316 and 30276.
12
What is the highest common factor of 79590 and 70444730?
3790
What is the greatest common factor of 425592 and 20046?
1542
Calculate the highest common factor of 7955328 and 3516.
12
What is the highest common factor of 768662971 and 503?
503
What is the greatest common divisor of 6909 and 37403023?
2303
Calculate the greatest common factor of 712056908 and 4876.
4876
What is the highest common factor of 4675 and 149605100?
425
What is the highest common divisor of 68318316 and 116?
116
What is the greatest common divisor of 40360 and 32840?
40
What is the highest common factor of 6531 and 38784810?
933
Calculate the highest common factor of 5901810 and 645.
15
What is the greatest common divisor of 258345 and 4185?
45
What is the greatest common divisor of 24 and 84433904?
8
What is the greatest common factor of 97438 and 212386?
206
Calculate the greatest common factor of 11126948 and 202164.
3964
Calculate the highest common factor of 5565 and 165921.
21
Calculate the highest common factor of 9 and 4593465.
9
What is the greatest common factor of 6244032 and 2346?
102
What is the highest common divisor of 2270 and 3452443?
227
Calculate the highest common factor of 359676324 and 4396.
4396
Calculate the highest common factor of 837 and 4253448.
93
What is the highest common factor of 4776750 and 1034?
22
Calculate the greatest common factor of 1058 and 12410064.
46
Calculate the highest common divisor of 26047197 and 198.
99
What is the greatest common divisor of 4221506487 and 187?
187
What is the greatest common divisor of 362378 and 3071481?
2183
Calculate the greatest common factor of 476631 and 27522.
1251
What is the highest common factor of 15 and 385161015?
15
Calculate the greatest common divisor of 64 and 102677312.
64
Calculate the highest common factor of 238445 and 8708135.
515
What is the highest common divisor of 169603588 and 84?
28
What is the highest common factor of 4903200 and 6660?
180
What is the highest common factor of 140616 and 8441496?
4536
What is the greatest common divisor of 33468776 and 66?
22
Calculate the greatest common factor of 7326 and 10848178.
814
Calculate the greatest common divisor of 49404233 and 939.
313
Calculate the greatest common factor of 2556 and 3236292.
36
What is the greatest common factor of 3466980 and 292644?
396
Calculate the highest common divisor of 1646 and 39671892.
1646
Calculate the greatest common divisor of 368 and 3103024.
16
Calculate the greatest common factor of 477 and 11658051.
9
Calculate the greatest common factor of 6198 and 1035997766.
2066
What is the highest common divisor of 1850854 and 1?
1
What is the highest common divisor of 1504770092 and 56?
28
Calculate the highest common divisor of 1071920 and 4880.
80
What is the highest common divisor of 432 and 1764496?
16
What is the highest common factor of 72 and 9002400?
24
Calculate the greatest common factor of 15 and 7142255.
5
What is the greatest common factor of 218180 and 1360?
20
Calculate the highest common divisor of 112 and 4650142.
14
Calculate the highest common factor of 110552832 and 80.
16
What is the highest common factor of 4183424 and 161?
161
Calculate the highest common factor of 14534944 and 53499.
1049
Calculate the highest common factor of 172009 and 43.
1
What is the highest common divisor of 12383 and 765020?
29
Calculate the highest common divisor of 174 and 4291164.
6
Calculate the greatest common divisor of 4090815 and 1665.
45
What is the greatest common factor of 66879554 and 434?
14
Ca